is divided by 275.
2
Calculate the remainder when 92 is divided by 21.
8
Calculate the remainder when 249 is divided by 63.
60
What is the remainder when 8207 is divided by 10?
7
What is the remainder when 888 is divided by 887?
1
Calculate the remainder when 899 is divided by 63.
17
Calculate the remainder when 118 is divided by 20.
18
What is the remainder when 849 is divided by 114?
51
What is the remainder when 1834 is divided by 68?
66
What is the remainder when 2226 is divided by 274?
34
Calculate the remainder when 34598 is divided by 20.
18
Calculate the remainder when 925 is divided by 913.
12
What is the remainder when 158 is divided by 152?
6
Calculate the remainder when 161 is divided by 84.
77
Calculate the remainder when 30 is divided by 17.
13
What is the remainder when 1332 is divided by 122?
112
Calculate the remainder when 438 is divided by 26.
22
Calculate the remainder when 342 is divided by 48.
6
Calculate the remainder when 1992 is divided by 1981.
11
What is the remainder when 4099 is divided by 82?
81
Calculate the remainder when 1528 is divided by 85.
83
Calculate the remainder when 1657 is divided by 37.
29
Calculate the remainder when 8 is divided by 5.
3
Calculate the remainder when 155 is divided by 11.
1
What is the remainder when 196 is divided by 33?
31
What is the remainder when 131 is divided by 100?
31
Calculate the remainder when 14 is divided by 14.
0
What is the remainder when 129 is divided by 41?
6
Calculate the remainder when 201 is divided by 60.
21
Calculate the remainder when 4091 is divided by 33.
32
Calculate the remainder when 1437 is divided by 15.
12
What is the remainder when 159 is divided by 26?
3
What is the remainder when 475 is divided by 53?
51
Calculate the remainder when 9433 is divided by 106.
105
What is the remainder when 293 is divided by 50?
43
Calculate the remainder when 9 is divided by 5.
4
Calculate the remainder when 293 is divided by 17.
4
What is the remainder when 235 is divided by 162?
73
Calculate the remainder when 1120 is divided by 479.
162
What is the remainder when 207 is divided by 134?
73
What is the remainder when 1780 is divided by 17?
12
Calculate the remainder when 4702 is divided by 84.
82
Calculate the remainder when 2789 is divided by 1393.
3
Calculate the remainder when 979 is divided by 475.
29
What is the remainder when 2307 is divided by 21?
18
Calculate the remainder when 7 is divided by 5.
2
What is the remainder when 2858 is divided by 52?
50
Calculate the remainder when 1363 is divided by 283.
231
Calculate the remainder when 278 is divided by 11.
3
What is the remainder when 140 is divided by 22?
8
Calculate the remainder when 234 is divided by 102.
30
Calculate the remainder when 397 is divided by 101.
94
Calculate the remainder when 454 is divided by 19.
17
What is the remainder when 55326 is divided by 182?
180
Calculate the remainder when 433 is divided by 35.
13
Calculate the remainder when 127 is divided by 62.
3
Calculate the remainder when 1755 is divided by 43.
35
Calculate the remainder when 84 is divided by 49.
35
What is the remainder when 5807 is divided by 70?
67
Calculate the remainder when 98 is divided by 18.
8
Calculate the remainder when 101 is divided by 21.
17
Calculate the remainder when 121 is divided by 12.
1
What is the remainder when 141 is divided by 16?
13
Calculate the remainder when 2600 is divided by 648.
8
Calculate the remainder when 133 is divided by 3.
1
What is the remainder when 278 is divided by 9?
8
Calculate the remainder when 2336 is divided by 123.
122
What is the remainder when 247 is divided by 62?
61
What is the remainder when 89 is divided by 30?
29
Calculate the remainder when 1056 is divided by 37.
20
What is the remainder when 147 is divided by 17?
11
Calculate the remainder when 704 is divided by 25.
4
Calculate the remainder when 4396 is divided by 83.
80
What is the remainder when 137 is divided by 22?
5
Calculate the remainder when 432 is divided by 7.
5
Calculate the remainder when 23919 is divided by 10.
9
What is the remainder when 89 is divided by 18?
17
What is the remainder when 3358 is divided by 12?
10
Calculate the remainder when 156 is divided by 79.
77
What is the remainder when 1679 is divided by 241?
233
Calculate the remainder when 135 is divided by 75.
60
What is the remainder when 182 is divided by 32?
22
What is the remainder when 29 is divided by 18?
11
Calculate the remainder when 4643 is divided by 93.
86
Calculate the remainder when 3661 is divided by 39.
34
What is the remainder when 723 is divided by 104?
99
Calculate the remainder when 150 is divided by 11.
7
What is the remainder when 224 is divided by 29?
21
What is the remainder when 745 is divided by 144?
25
What is the remainder when 2357 is divided by 183?
161
Calculate the remainder when 111 is divided by 8.
7
Calculate the remainder when 1748 is divided by 39.
32
What is the remainder when 466 is divided by 326?
140
Calculate the remainder when 37 is divided by 6.
1
What is the remainder when 222 is divided by 15?
12
Calculate the remainder when 1737 is divided by 20.
17
Calculate the remainder when 881 is divided by 55.
1
What is the remainder when 891 is divided by 110?
11
Calculate the remainder when 232 is divided by 18.
16
What is the remainder when 244 is divided by 65?
49
Calculate the remainder when 975 is divided by 109.
103
Calculate the remainder when 396 is divided by 51.
39
What is the remainder when 208 is divided by 93?
22
Calculate the remainder when 195 is divided by 34.
25
What is the remainder when 806 is divided by 395?
16
Calculate the remainder when 104 is divided by 12.
8
Calculate the remainder when 1037 is divided by 40.
37
What is the remainder when 2742 is divided by 36?
6
Calculate the remainder when 169 is divided by 43.
40
What is the remainder when 2493 is divided by 52?
49
Calculate the remainder when 186 is divided by 18.
6
What is the remainder when 120 is divided by 18?
12
Calculate the remainder when 332 is divided by 81.
8
What is the remainder when 122 is divided by 60?
2
What is the remainder when 7490 is divided by 67?
53
Calculate the remainder when 185 is divided by 3.
2
What is the remainder when 2197 is divided by 13?
0
What is the remainder when 76 is divided by 14?
6
What is the remainder when 2414 is divided by 100?
14
What is the remainder when 235 is divided by 54?
19
What is the remainder when 499 is divided by 36?
31
What is the remainder when 9864 is divided by 13?
10
Calculate the remainder when 228 is divided by 37.
6
Calculate the remainder when 191 is divided by 48.
47
What is the remainder when 130 is divided by 43?
1
Calculate the remainder when 2934 is divided by 30.
24
Calculate the remainder when 275 is divided by 70.
65
What is the remainder when 6936 is divided by 257?
254
What is the remainder when 284 is divided by 26?
24
What is the remainder when 681 is divided by 151?
77
What is the remainder when 841 is divided by 212?
205
What is the remainder when 216 is divided by 65?
21
Calculate the remainder when 1161 is divided by 61.
2
Calculate the remainder when 314 is divided by 66.
50
What is the remainder when 362 is divided by 185?
177
Calculate the remainder when 205 is divided by 9.
7
Calculate the remainder when 337 is divided by 39.
25
What is the remainder when 7377 is divided by 7?
6
Calculate the remainder when 239 is divided by 239.
0
What is the remainder when 262 is divided by 67?
61
Calculate the remainder when 93 is divided by 42.
9
Calculate the remainder when 255 is divided by 109.
37
What is the remainder when 449 is divided by 13?
7
What is the remainder when 136 is divided by 81?
55
What is the remainder when 282 is divided by 59?
46
Calculate the remainder when 1448 is divided by 69.
68
What is the remainder when 92 is divided by 5?
2
What is the remainder when 95 is divided by 84?
11
What is the remainder when 101 is divided by 5?
1
What is the remainder when 65 is divided by 16?
1
Calculate the remainder when 12928 is divided by 15.
13
Calculate the remainder when 316 is divided by 32.
28
What is the remainder when 130 is divided by 53?
24
What is the remainder when 185 is divided by 99?
86
What is the remainder when 713 is di